g - g. Calculate the greatest common factor of g and 4.
4
Let k be (((-6)/(-16))/(60/560))/(1/58). What is the highest common factor of k and 4727?
29
Let s(x) = x**2 - 19*x + 3. Let q be s(14). Suppose 56*o + 1540 = 28*o. Let i = o - q. Calculate the highest common divisor of i and 12.
12
Suppose -2*t - 207 = -5*t. Let r = 87 + -90. Let v be t/(-6)*(-3 + r). What is the greatest common divisor of v and 46?
23
Suppose 26*c = 3*r + 24*c - 56, 4*c = -4*r + 68. Let d be ((-66)/55)/((-2)/90). What is the greatest common factor of r and d?
18
Suppose k - 442 = -4*h, -3*k + 19*h - 22*h + 1272 = 0. What is the highest common divisor of k and 825?
11
Let g be (3*(-2)/4)/((-6)/52). Let l = g + -8. Calculate the highest common factor of l and 4.
1
Let r(m) = 2*m + 7. Let o be r(5). Suppose 2*y + 4*w - 8 = 0, -5*w = -3*y - 2 + 3. Let u be (-309)/(-9) - y/6. Calculate the greatest common factor of u and o.
17
Let l be (0 + -1)/(2/(-4)). Suppose -f + l + 0 = 0. Suppose -3*w + 28 = -j - 14, 0 = -2*j. Calculate the greatest common factor of f and w.
2
Let f = -4828 - -4960. What is the greatest common factor of 6996 and f?
132
Let i be -6 + 18/(-6) - (-6 - -3). Let m(c) = -30*c - 148. Let u be m(i). What is the greatest common factor of u and 1120?
32
Let d be 1/(-2 + (2 - 3) - (-4612)/1537). What is the highest common divisor of 212 and d?
53
Suppose 10*c = 1473 - 73. What is the highest common divisor of 3290 and c?
70
Let b = 43 - 62. Let u(y) = -19*y + 24. Let o be u(b). Let p be 4/(-2)*350/(-20). Calculate the greatest common factor of o and p.
35
Let m be ((-8)/6)/((-8)/18). Suppose -p - 152 = -m*p. Suppose -3*b + 0 = 4*z - 70, 0 = b + 2. What is the greatest common factor of z and p?
19
Let z be (-2)/(13 - 4236/324). Calculate the greatest common divisor of z and 45.
9
Let q(m) = -10*m - 29. Let p be q(-3). Let c be ((-399)/38)/(p/(-2)). What is the highest common factor of 483 and c?
21
Let o(d) = -8*d**2 - 6*d + 3. Let s(w) = -23*w**2 - 17*w + 8. Let z(a) = 8*o(a) - 3*s(a). Let r be z(-5). What is the highest common divisor of 22 and r?
22
Suppose 164 = 9*b - 13*b. Let s = -86 - b. Let p = s - -47. What is the greatest common divisor of 18 and p?
2
Let z(b) = -b + 1. Let s(g) = -8*g + 40. Let w(m) = -s(m) + 6*z(m). Let o be w(20). What is the greatest common factor of o and 6?
6
Suppose 66 = -160*g + 162*g. What is the greatest common factor of 9 and g?
3
Let v = 131 - 128. Suppose 0 = -3*t + v + 18. What is the greatest common factor of t and 161?
7
Let l(o) = o - 6*o + 1 - 7 - 21. Let z be l(-9). Suppose 2*m - 4*m + 4*p = -10, -3*p = -6. Calculate the highest common factor of m and z.
9
Suppose 329*l - 324*l = 2790. What is the highest common factor of l and 310?
62
Let p be 35*((-116)/20 - -7). Suppose 84 = 2*h + h. Calculate the highest common factor of h and p.
14
Suppose 3*x = -4*t + 216, 0 = 5*x - 9 - 31. Calculate the greatest common factor of 240 and t.
48
Let j be (3 - 17/3)*(-6)/4. Suppose 5*g - 138 = 2*g - j*o, 5*g + 2*o - 244 = 0. Calculate the highest common divisor of g and 5.
5
Let g(u) = -10 + 4*u - u**3 + 3*u**2 + 0*u**3 + u**2 - 7*u. Let m be g(4). Let q be (1 - 251/(-11)) + (-4)/m. Calculate the highest common divisor of 6 and q.
6
Suppose -54 + 6 = 6*t. Let g(j) = j**2 + 9*j + 12. Let n be g(t). Let o be (-2)/((n/(-2))/(5*3)). Calculate the highest common divisor of 5 and o.
5
Let k(j) = 13*j**2 + 7*j - 68. Let s(a) = 7*a**2 + 3*a - 34. Let r(t) = -6*k(t) + 11*s(t). Let m be r(0). Calculate the highest common divisor of 357 and m.
17
Let k = 52 - 47. Suppose k*o = 5*b - 75, -2*b + 5*o = -b - 7. Calculate the highest common divisor of 17 and b.
17
Suppose 76*l + 3*l - 3155 = 2375. Calculate the greatest common factor of l and 350.
70
Let z(g) = 47*g**3 - 4*g**2 + g - 7. Let o be z(4). What is the highest common factor of 17 and o?
17
Let m(w) = 40*w - 236. Suppose 8*a = 13 + 35. Let u be m(a). Calculate the highest common factor of u and 124.
4
Let d(r) = -r**3 - 5*r**2 - 4*r + 1. Let n be d(-4). Let y be 132/(-11)*(14/(-8) + 0). Let p = -18 + y. Calculate the greatest common divisor of p and n.
1
Suppose 40*t - 45*t - 5 = 0, 5*t = 2*w - 3407. What is the greatest common divisor of 14 and w?
7
Suppose 0 = -5*i - 2*a + 242, -3*a = -i - 0*a + 62. Let m(s) = s**3 - 16. Let w be m(0). Let o = w - -26. What is the greatest common factor of o and i?
10
Let s = 172 + -91. Suppose -71*j + s*j - 260 = 0. Calculate the greatest common divisor of 26 and j.
26
Let a = -368 + 464. Suppose 0 = -a*x + 93*x + 450. Calculate the highest common factor of x and 40.
10
Let j(p) = p + 14. Let o be j(0). Let x = 93382 - 93326. What is the greatest common factor of x and o?
14
Suppose 65 = 2*n + 1050*b - 1045*b, -3*n + 5*b = -35. Calculate the greatest common factor of n and 12370.
10
Let b(r) be the first derivative of -6*r**2 - 1/4*r**4 - 29 + 16/3*r**3 + 46*r. Let m be b(15). What is the highest common divisor of 39 and m?
13
Let s be 1/9 + 12*(-440)/135. Let i be (-954)/(s/18 + (-1)/(-6)). Calculate the highest common factor of i and 53.
53
Suppose -6 = -2*i, -2*n - 3*n + 2*i = -49. Suppose 2*g + 104 = 3*o + n, g = -3. Calculate the highest common divisor of o and 319.
29
Suppose f = -2*f + 4*q + 8, -4*f = -3*q - 13. Suppose -2*b - 11*p + 158 = -6*p, -3*b - f*p + 230 = 0. Calculate the greatest common factor of 370 and b.
74
Suppose 46*o + 4608 = 78*o. Suppose 0 = 4*q - 10 - 86. What is the highest common divisor of o and q?
24
Let h = -106 - -104. Let b be (36/(-54))/(h/252). Suppose 4*s = -k + 30, -4*k - 8*s + 4*s = -b. Calculate the highest common factor of k and 18.
18
Let l = 12368 - 9138. What is the greatest common divisor of 152 and l?
38
Let y = 104 - -28. Let l = -115 + y. Calculate the greatest common factor of 1 and l.
1
Let o be 18/(-45) + 2/5. Suppose -w - w - 2*x + 6 = o, x = -5*w + 11. Calculate the greatest common divisor of 62 and w.
2
Let p = 39 - 28. Suppose p = 4*f - 9. Suppose -179 = -f*z - 3*o - 15, 0 = -2*z + 5*o + 47. What is the highest common factor of z and 248?
31
Let l = 5712 - 5332. Calculate the highest common divisor of 440 and l.
20
Let d be ((-14)/(-6))/(1*6/(-234)). Let q = d - -107. Let c be (-42)/8*(12 - q). Calculate the greatest common divisor of c and 14.
7
Suppose -3*v - 148 = -5*a, -3*a - 4*v = -36 - 76. What is the highest common factor of a and 544?
32
Let a(t) = t**3 - 23*t**2 + 148*t + 8. Let y be a(7). Let f(g) = 20*g. Let h be f(1). What is the greatest common factor of y and h?
20
Let r be (-58)/6*(3 + -2 - 4). Let v be ((-2)/(-6))/((174/648)/r). Suppose l - 4*h - 2 = 2, 4*l + 2*h - 16 = 0. Calculate the greatest common factor of v and l.
4
Suppose -32*j + 20*j = -960. Let p = 744 - 484. Calculate the highest common divisor of j and p.
20
Let o = -1166 + 1263. Let f be 3*(-8)/108 - (-55880)/36. What is the greatest common divisor of o and f?
97
Suppose 237 + 187 = 2*p. Let h be -55 + (-14926)/(-136) - (1 - (-3)/4). What is the highest common divisor of p and h?
53
Let j = 202 - 64. What is the highest common factor of j and 7774?
46
Let a(q) = q**3 - 19*q**2 + q + 9. Let s(g) = 4*g**2 - 4. Let b be s(3). Suppose o = b - 13. Let f be a(o). Calculate the greatest common factor of f and 70.
14
Let b = 3098 - 2992. Calculate the highest common divisor of b and 954.
106
Let a = 81 + -54. Let v = 35 - a. Suppose -v = -q + 3. Calculate the highest common factor of q and 110.
11
Suppose 625*u + 634*u = 1221*u + 16150. Calculate the highest common divisor of 75 and u.
25
Let t be -2 - -2 - (-20 + 6). What is the highest common factor of 5446 and t?
14
Suppose 100*p - 3068 = 9732. Suppose 2*q = 5*q - 5*m - 28, -5*q - 3*m = 10. Let u = q + 15. Calculate the greatest common factor of u and p.
16
Let s(t) = -t**3 + 9*t**2 + 6*t - 47. Let u be s(9). Suppose -5 = 5*m - 10, -4*d = 3*m - u. What is the highest common divisor of 4 and d?
1
Suppose 1686 = 5*h - o, -994 = -18*h + 15*h + 5*o. What is the highest common divisor of 182 and h?
26
Let l(u) = -51*u - 6467. Let y be l(-127). What is the highest common factor of 1915 and y?
5
Let z be ((4674/574)/((-4)/(-14)))/((-1)/(-4)). What is the greatest common divisor of 1634 and z?
38
Let n = -14 - 11. Let z be (50/(-40))/(2/24). Let o be (-6)/z - 15/n. Calculate 